3)?
-4
Let w(q) = -38*q**2 + 1705*q - 11217. Give w(8).
-9
Let p(u) = -3565*u - 1130081. Determine p(-317).
24
Let g(n) = n**2 + 44690*n - 312861. Calculate g(7).
18
Let n(c) = c**2 + 817*c + 163805. Determine n(-352).
125
Let g(m) = 324*m + 48197. What is g(-139)?
3161
Let k(d) = -2328*d**2 - 4649*d + 21. Calculate k(-2).
7
Let a(y) = 246*y + 9177. Give a(-38).
-171
Let k(z) = -702*z + 12566. Calculate k(18).
-70
Let o(v) = -26*v**2 - 495*v + 23. Calculate o(-20).
-477
Let s(z) = -2063*z + 4049. Give s(2).
-77
Let i(t) = 28*t**2 - 459*t - 2643. Calculate i(-6).
1119
Let r(n) = 2*n**3 - 242*n**2 - 5005*n + 143. What is r(139)?
4
Let w(r) = 23*r**2 + 1572*r - 593. Give w(-69).
442
Let d(h) = 8*h**3 - 27*h**2 - 13*h + 68. What is d(5)?
328
Let m(a) = 3*a**2 + 94*a - 5824. Determine m(31).
-27
Let f(k) = -12469*k - 374045. Give f(-30).
25
Let m(g) = -154*g**2 + 290*g + 263. What is m(2)?
227
Let d(x) = -x**3 + 131*x**2 - 3101*x + 54. Calculate d(100).
-46
Let l(k) = -k**3 + 5*k**2 + 1933*k - 9716. Give l(5).
-51
Let x(v) = -v**3 - 152*v**2 - 2697*v - 22623. Determine x(-133).
-13
Let t(w) = 2*w**2 - 42449*w - 2981235. Calculate t(-70).
-5
Let p(m) = -1182*m + 2819. Give p(4).
-1909
Let k(v) = -340*v**3 + 2720*v**2 + 2711*v - 8. Give k(-1).
341
Let f(u) = 4*u**2 - 3677*u - 508123. What is f(-122)?
7
Let w(m) = -m**3 - 205*m**2 - 3362*m - 130. Determine w(-187).
-878
Let v(c) = -739*c + 8174. Give v(11).
45
Let f(t) = -1529*t - 17386. Calculate f(-12).
962
Let v(l) = -18*l**2 + 56*l + 278. Determine v(8).
-426
Let m(c) = -36813*c - 257695. Give m(-7).
-4
Let q(y) = -1032*y**2 - 2729*y - 2. Determine q(-3).
-1103
Let n(a) = 1646*a**2 + 1538*a - 1. Calculate n(-1).
107
Let y(j) = -j**3 - 109*j**2 - 2628*j + 107. Calculate y(-36).
107
Let u(g) = -6310*g - 163984. What is u(-26)?
76
Let y(c) = -3*c**2 - 9945*c + 69628. Calculate y(7).
-134
Let o(s) = 27*s**3 + 13*s**2 - 4*s - 2. Determine o(-1).
-12
Let f(h) = -h**3 - 13*h**2 - 34*h - 98. What is f(-13)?
344
Let t(x) = -25*x**2 + 689*x - 3373. Calculate t(5).
-553
Let o(w) = 2*w**2 + 29*w - 571. What is o(-22)?
-241
Let y(x) = x**3 + 54*x**2 - 237*x - 3626. What is y(-57)?
136
Let y(i) = -3852*i - 119408. Determine y(-31).
4
Let k(c) = 2*c**2 - 384*c + 2474. Give k(7).
-116
Let i(z) = 805*z + 99764. What is i(-124)?
-56
Let t(d) = d**3 - 23*d**2 - 645*d - 45. Calculate t(-15).
1080
Let i(w) = 3638*w - 27592. Determine i(7).
-2126
Let n(x) = -35*x - 823. Give n(-12).
-403
Let k(d) = -3*d**3 + 193*d**2 + 1046*d + 26. Give k(-5).
-4
Let x(s) = s**2 + 681*s - 17211. What is x(24)?
-291
Let d(b) = -2*b**3 - 285*b**2 - 2890*b + 42. Give d(-11).
9
Let p(c) = 82572*c + 412863. Determine p(-5).
3
Let z(j) = -14*j**2 - 109*j - 48. Determine z(-6).
102
Let s(u) = 5459*u + 207456. Give s(-38).
14
Let g(v) = 1331*v**2 + 20*v + 1. What is g(1)?
1352
Let a(n) = 863*n**2 + 10543*n + 2256. Calculate a(-12).
12
Let j(v) = -3602*v - 93711. Determine j(-26).
-59
Let w(a) = -6*a**2 + 473*a - 1283. Calculate w(76).
9
Let i(n) = -389*n + 1427. What is i(6)?
-907
Let l(y) = -y**2 - 348*y + 40471. Calculate l(92).
-9
Let n(t) = 93436*t + 60172789. What is n(-644)?
5
Let k(d) = -6*d**2 + 514*d - 439. Give k(85).
-99
Let u(g) = -g**3 + 53*g**2 + 109*g + 935. Give u(56).
-2369
Let v(g) = -221667*g - 3990012. Calculate v(-18).
-6
Let b(k) = 2*k**2 + 56*k - 558. Determine b(8).
18
Let p(c) = 12*c**2 + 3382*c + 2786. Give p(-281).
-24
Let f(d) = -d**3 - 24*d**2 + 20*d - 159. Give f(-24).
-639
Let w(p) = 10*p**2 + 627*p - 2621. Determine w(-64).
-1789
Let n(i) = 2*i**2 - 42705*i - 640838. Determine n(-15).
187
Let r(k) = -31*k**2 - 1068*k + 38490. Determine r(22).
-10
Let v(w) = -w**3 + 297*w**2 - 43*w + 12763. Determine v(297).
-8
Let a(g) = -21*g**2 + 26*g + 187. Calculate a(-5).
-468
Let g(y) = -10907*y + 9423647. What is g(864)?
-1
Let d(l) = 4885*l - 34650. Determine d(7).
-455
Let l(u) = -17165*u + 188807. Give l(11).
-8
Let m(w) = 2*w**2 + 238*w - 3872. Determine m(-135).
448
Let x(h) = -2400397*h - 19203181. Give x(-8).
-5
Let u(t) = 3*t**3 + 36*t**2 - 381*t - 4646. Determine u(-12).
-74
Let a(t) = 9418*t - 169498. Give a(18).
26
Let y(q) = 5594*q + 16837. Give y(-3).
55
Let o(n) = 296*n**2 - 51212*n + 668. Calculate o(173).
-24
Let v(x) = x**2 - 403*x - 4201. Determine v(-11).
353
Let i(r) = 996*r**2 + 6944*r - 187. What is i(-7)?
9
Let i(j) = 10806*j + 183727. Give i(-17).
25
Let s(x) = 17*x**2 - 1706*x + 36112. What is s(70)?
-8
Let h(p) = -3740*p + 18610. Give h(5).
-90
Let q(v) = 7*v**2 - 900*v - 587345. What is q(361)?
2
Let i(j) = -199*j - 77674. What is i(-393)?
533
Let n(w) = 5646*w + 107306. Give n(-19).
32
Let a(r) = -20*r - 1193. Determine a(-90).
607
Let q(j) = -j**2 - 1103*j - 21234. Calculate q(-20).
426
Let b(w) = 2*w**3 + 50*w**2 + 65*w - 738. What is b(-23)?
-117
Let n(x) = 2*x**3 + 16215*x**2 - 97364*x + 1. What is n(6)?
-11
Let m(y) = 3492*y - 3589. Determine m(1).
-97
Let i(q) = 13*q**2 - 628*q + 6975. Give i(31).
0
Let p(u) = -u**2 + 7073*u + 177445. What is p(-25)?
-5
Let w(d) = -38488*d + 461873. Give w(12).
17
Let r(i) = -i**2 + 468180*i + 7491136. Calculate r(-16).
0
Let g(x) = -3*x**2 + 763*x - 2945. Calculate g(4).
59
Let x(r) = 894*r + 144777. Determine x(-161).
843
Let p(g) = -g**3 - 564*g**2 + 485979*g + 576. Give p(470).
106
Let y(q) = 44*q**3 + 1457*q**2 + 192*q + 881. Give y(-33).
-10
Let p(z) = 456*z + 2298. What is p(-5)?
18
Let j(c) = -21*c**3 + 2*c**2 + 8*c - 22. Give j(-3).
539
Let f(d) = -2*d**3 + 15*d**2 + 3796*d - 30360. Give f(8).
-56
Let r(h) = -8*h**2 - 2765*h - 5621. Calculate r(-344).
-1149
Let q(t) = -2747895*t - 21983168. What is q(-8)?
-8
Let j(s) = 485180*s - 43181027. Determine j(89).
-7
Let m(j) = -121*j - 13945. What is m(-105)?
-1240
Let d(p) = 4028*p + 32005. Calculate d(-8).
-219
Let s(z) = z**2 - 155*z - 4913. Calculate s(-29).
423
Let o(p) = -60*p**3 - 539*p**2 + 65*p + 531. Give o(-9).
27
Let g(b) = -b**3 - 119*b**2 - 2618*b + 13299. Calculate g(-36).
-21
Let b(a) = -33834*a + 2097700. What is b(62)?
-8
Let p(t) = t**3 + 486*t**2 + 21044*t + 962. What is p(-48)?
2
Let y(b) = b**2 + 8341*b + 1300945. Give y(-159).
7
Let h(l) = 744*l - 3278. What is h(4)?
-302
Let b(c) = c**3 + 136*c**2 + 309*c + 3686. Determine b(-134).
-1808
Let o(w) = -9*w**2 + 685*w + 1374. Calculate o(-2).
-32
Let t(b) = 19206*b + 96182. What is t(-5)?
152
Let h(w) = w**3 - 41*w**2 - 1086*w + 13946. What is h(10)?
-14
Let b(p) = p**3 - 709*p**2 - 463*p + 328263. What is b(709)?
-4
Let j(y) = 8*y**2 - 119*y - 14. What is j(7)?
-455
Let i(x) = -538*x - 93214. Determine i(-173).
-140
Let h(u) = 62198*u - 8707717. Determine h(140).
3
Let r(k) = -27*k**2 - 4326*k + 3385. Calculate r(-161).
4
Let h(p) = -114*p**2 + 250*p + 797. Give h(-3).
-979
Let h(q) = -q**2 - 65*q - 55. Give h(-1).
9
Let t(j) = -103*j**2 - 222*j - 1342. Calculate t(-6).
-3718
Let u(s) = 1506*s - 7432. Give u(5).
98
Let d(s) = 105*s + 22781. What is d(-217)?
-4
Let h(q) = -9*q**3 - 341*q**2 + 235*q + 108. Calculate h(1).
-7
Let o(q) = 2*q**3 + 2*q**2 - 115*q + 207. Calculate o(0).
207
Let x(l) = l**3 - 26*l**2 - 123*l - 459. What is x(31)?
533
Let c(h) = -742*h**2 + 95721*h - 344. Give c(129).
43
Let y(d) = 36*d - 14330. Give y(423).
898
Let c(w) = w**2 - 554*w - 88446. What is c(-130)?
474
Let d(j) = -52453*j - 58. What is d(0)?
-58
Let v(a) = -17*a**2 + 28*a + 76. Determine v(-2).
-48
Let x(m) = -48499*m + 1551962. Give x(32).
-6
Let d(n) = 942*n + 3677. Calculate d(-4).
-91
Let o(h) = 2*h**2 + 728*h - 5946. Give o(8).
6
Let g(x) = -283*x**2 - 869*x - 15. Give g(-3).
45
Let h(v) = 2*v**2 - 104*v - 7862. Calculate h(85).
-2252
Let g(t) = -3*t**3 - 13*t**2 - 18*t - 41. Calculate g(-5).
99
Let g(z) = 5*z**3 - z**2 - 1466*z - 8665. Calculate g(-6).
-985
Let q(v) = 6*v**3 - 210*v**2 + 222*v - 618. Determine q(34).
-6
Let d(h) = -h**2 + 183*h - 153. Calculate d(9).
1413
Let h(m) = 65106*m - 1367213. Determine h(21).
13
Let t(l) = 192859*l - 8485787. Determine t(44).
9
Let b(p) = 1956097*p - 15648783. Give b(8).
-7
Let v(a) = -1539*a + 104642. Determine v(68).
-10
Let v(g) = -g**3 + 3*g**2 + 143*g + 495. Determine v(-7).
-16
Let l(r) = -1839*r + 5514. Give l(3).
-3
Let o(g) = g**3 - 36*g**2 + 125*g - 3336. Calculate o(34).
-1398
Let 